{"id":1608,"date":"2019-10-17T02:00:06","date_gmt":"2019-10-17T00:00:06","guid":{"rendered":"http:\/\/jeunes-alpinistes.ffcam38.com\/?page_id=1608"},"modified":"2025-10-13T21:27:14","modified_gmt":"2025-10-13T19:27:14","slug":"programme-previ","status":"publish","type":"page","link":"https:\/\/www.ffcam38.com\/jeunes-alpinistes\/programme-previ\/","title":{"rendered":"Programme de l&rsquo;ann\u00e9e 2025-26"},"content":{"rendered":"\n<p>Voil\u00e0 le programme pr\u00e9visionnel des Equipes Jeunes Alpinistes de l&rsquo;Is\u00e8re pour l&rsquo;ann\u00e9e 2025-26 ! Le fichier est mis \u00e0 jour en temps r\u00e9el, consultez le r\u00e9guli\u00e8rement \ud83d\ude09<\/p>\n\n\n\n<p><strong>Programme au format Google Sheets:<\/strong><\/p>\n\n\n\n<p><a href=\"https:\/\/docs.google.com\/spreadsheets\/d\/e\/2PACX-1vRSwN0NsVeOd8cyzT6GofNVd-sgUqTbgHFRharax25UHv_WsJ7iP8RQnlLuSXxDDJ7ZIGN3y7OFqhjA\/pubhtml?gid=653278938&amp;single=true\">https:\/\/docs.google.com\/spreadsheets\/d\/e\/2PACX-1vRSwN0NsVeOd8cyzT6GofNVd-sgUqTbgHFRharax25UHv_WsJ7iP8RQnlLuSXxDDJ7ZIGN3y7OFqhjA\/pubhtml?gid=653278938&amp;single=true<\/a><\/p>\n\n\n\n<p><strong>Programme au format PDF \u00e0 t\u00e9l\u00e9charger :<\/strong><\/p>\n\n\n\n<p><a href=\"https:\/\/docs.google.com\/spreadsheets\/d\/e\/2PACX-1vRSwN0NsVeOd8cyzT6GofNVd-sgUqTbgHFRharax25UHv_WsJ7iP8RQnlLuSXxDDJ7ZIGN3y7OFqhjA\/pub?gid=653278938&amp;single=true&amp;output=pdf\">https:\/\/docs.google.com\/spreadsheets\/d\/e\/2PACX-1vRSwN0NsVeOd8cyzT6GofNVd-sgUqTbgHFRharax25UHv_WsJ7iP8RQnlLuSXxDDJ7ZIGN3y7OFqhjA\/pub?gid=653278938&amp;single=true&amp;output=pdf<\/a><\/p>\n\n\n\n<p><\/p>\n\n\n\n<p><\/p>\n","protected":false},"excerpt":{"rendered":"<p>Voil\u00e0 le programme pr\u00e9visionnel des Equipes Jeunes Alpinistes de l&rsquo;Is\u00e8re pour l&rsquo;ann\u00e9e 2025-26 ! Le fichier est mis \u00e0 jour en temps r\u00e9el, consultez le r\u00e9guli\u00e8rement \ud83d\ude09 Programme au format Google Sheets: https:\/\/docs.google.com\/spreadsheets\/d\/e\/2PACX-1vRSwN0NsVeOd8cyzT6GofNVd-sgUqTbgHFRharax25UHv_WsJ7iP8RQnlLuSXxDDJ7ZIGN3y7OFqhjA\/pubhtml?gid=653278938&amp;single=true Programme au format PDF \u00e0 t\u00e9l\u00e9charger : https:\/\/docs.google.com\/spreadsheets\/d\/e\/2PACX-1vRSwN0NsVeOd8cyzT6GofNVd-sgUqTbgHFRharax25UHv_WsJ7iP8RQnlLuSXxDDJ7ZIGN3y7OFqhjA\/pub?gid=653278938&amp;single=true&amp;output=pdf<\/p>\n","protected":false},"author":2,"featured_media":0,"parent":0,"menu_order":3,"comment_status":"open","ping_status":"open","template":"","meta":{"footnotes":""},"class_list":["post-1608","page","type-page","status-publish","hentry"],"_links":{"self":[{"href":"https:\/\/www.ffcam38.com\/jeunes-alpinistes\/wp-json\/wp\/v2\/pages\/1608","targetHints":{"allow":["GET"]}}],"collection":[{"href":"https:\/\/www.ffcam38.com\/jeunes-alpinistes\/wp-json\/wp\/v2\/pages"}],"about":[{"href":"https:\/\/www.ffcam38.com\/jeunes-alpinistes\/wp-json\/wp\/v2\/types\/page"}],"author":[{"embeddable":true,"href":"https:\/\/www.ffcam38.com\/jeunes-alpinistes\/wp-json\/wp\/v2\/users\/2"}],"replies":[{"embeddable":true,"href":"https:\/\/www.ffcam38.com\/jeunes-alpinistes\/wp-json\/wp\/v2\/comments?post=1608"}],"version-history":[{"count":31,"href":"https:\/\/www.ffcam38.com\/jeunes-alpinistes\/wp-json\/wp\/v2\/pages\/1608\/revisions"}],"predecessor-version":[{"id":6647,"href":"https:\/\/www.ffcam38.com\/jeunes-alpinistes\/wp-json\/wp\/v2\/pages\/1608\/revisions\/6647"}],"wp:attachment":[{"href":"https:\/\/www.ffcam38.com\/jeunes-alpinistes\/wp-json\/wp\/v2\/media?parent=1608"}],"curies":[{"name":"wp","href":"https:\/\/api.w.org\/{rel}","templated":true}]}}

Programme de l&rsquo;année 2025-26

<p>Voilà le programme prévisionnel des Equipes Jeunes Alpinistes de l&rsquo;Isère pour l&rsquo;année 2025-26 ! Le fichier est mis à jour en temps réel, consultez le régulièrement 😉</p>



<p><strong>Programme au format Google Sheets:</strong></p>



<p><a href="https://docs.google.com/spreadsheets/d/e/2PACX-1vRSwN0NsVeOd8cyzT6GofNVd-sgUqTbgHFRharax25UHv_WsJ7iP8RQnlLuSXxDDJ7ZIGN3y7OFqhjA/pubhtml?gid=653278938&amp;single=true">https://docs.google.com/spreadsheets/d/e/2PACX-1vRSwN0NsVeOd8cyzT6GofNVd-sgUqTbgHFRharax25UHv_WsJ7iP8RQnlLuSXxDDJ7ZIGN3y7OFqhjA/pubhtml?gid=653278938&amp;single=true</a></p>



<p><strong>Programme au format PDF à télécharger :</strong></p>



<p><a href="https://docs.google.com/spreadsheets/d/e/2PACX-1vRSwN0NsVeOd8cyzT6GofNVd-sgUqTbgHFRharax25UHv_WsJ7iP8RQnlLuSXxDDJ7ZIGN3y7OFqhjA/pub?gid=653278938&amp;single=true&amp;output=pdf">https://docs.google.com/spreadsheets/d/e/2PACX-1vRSwN0NsVeOd8cyzT6GofNVd-sgUqTbgHFRharax25UHv_WsJ7iP8RQnlLuSXxDDJ7ZIGN3y7OFqhjA/pub?gid=653278938&amp;single=true&amp;output=pdf</a></p>



<p></p>



<p></p>

<p>Voilà le programme prévisionnel des Equipes Jeunes Alpinistes de l&rsquo;Isère pour l&rsquo;année 2025-26 ! Le fichier est mis à jour en temps réel, consultez le régulièrement 😉 Programme au format Google Sheets: https://docs.google.com/spreadsheets/d/e/2PACX-1vRSwN0NsVeOd8cyzT6GofNVd-sgUqTbgHFRharax25UHv_WsJ7iP8RQnlLuSXxDDJ7ZIGN3y7OFqhjA/pubhtml?gid=653278938&amp;single=true Programme au format PDF à télécharger : https://docs.google.com/spreadsheets/d/e/2PACX-1vRSwN0NsVeOd8cyzT6GofNVd-sgUqTbgHFRharax25UHv_WsJ7iP8RQnlLuSXxDDJ7ZIGN3y7OFqhjA/pub?gid=653278938&amp;single=true&amp;output=pdf</p>
